the remainder when 4419618 is divided by 248.
10
What is the remainder when 45178 is divided by 22584?
10
What is the remainder when 35467 is divided by 69?
1
Calculate the remainder when 1040712 is divided by 3678.
3516
Calculate the remainder when 16013097 is divided by 5721.
18
Calculate the remainder when 157397 is divided by 157287.
110
Calculate the remainder when 1392191 is divided by 200.
191
What is the remainder when 504040 is divided by 401?
384
Calculate the remainder when 846462 is divided by 2542.
2518
What is the remainder when 1866258 is divided by 105?
93
Calculate the remainder when 16609447 is divided by 31758.
13
What is the remainder when 104989 is divided by 7621?
5916
What is the remainder when 2719153 is divided by 86?
5
Calculate the remainder when 869290 is divided by 173858.
0
What is the remainder when 32618 is divided by 761?
656
Calculate the remainder when 137542447 is divided by 19648921.
0
What is the remainder when 5281492 is divided by 83833?
13
Calculate the remainder when 261065 is divided by 467.
12
Calculate the remainder when 119788 is divided by 242.
240
Calculate the remainder when 5390543 is divided by 14891.
1
What is the remainder when 738544 is divided by 736985?
1559
Calculate the remainder when 887897 is divided by 23983.
526
What is the remainder when 1627013 is divided by 398?
387
What is the remainder when 36830520 is divided by 7780?
0
What is the remainder when 8587071 is divided by 8587053?
18
Calculate the remainder when 619629 is divided by 98.
73
What is the remainder when 1730811 is divided by 2591?
23
Calculate the remainder when 149146797 is divided by 132.
129
Calculate the remainder when 4525938 is divided by 102.
96
What is the remainder when 213335981 is divided by 62?
57
Calculate the remainder when 20964 is divided by 1234.
1220
Calculate the remainder when 179908401 is divided by 64253.
1
Calculate the remainder when 2009254 is divided by 225.
4
What is the remainder when 1354252 is divided by 12?
4
What is the remainder when 667999 is divided by 16?
15
Calculate the remainder when 66059 is divided by 21258.
2285
Calculate the remainder when 125026 is divided by 5000.
26
Calculate the remainder when 309229846 is divided by 25.
21
What is the remainder when 38909579 is divided by 17?
13
Calculate the remainder when 736402 is divided by 147139.
707
Calculate the remainder when 16332384 is divided by 13509.
3
Calculate the remainder when 159208 is divided by 122.
120
Calculate the remainder when 67537 is divided by 16843.
165
Calculate the remainder when 2584678 is divided by 861557.
7
What is the remainder when 62086538 is divided by 206?
198
Calculate the remainder when 2519995002 is divided by 10763.
10760
What is the remainder when 837850 is divided by 1158?
616
What is the remainder when 449189 is divided by 334?
293
What is the remainder when 25991240 is divided by 5812?
5788
What is the remainder when 85987 is divided by 1496?
715
What is the remainder when 100552381 is divided by 325?
306
Calculate the remainder when 2610562226 is divided by 1979.
1977
Calculate the remainder when 16510393 is divided by 143568.
73
What is the remainder when 562161 is divided by 187298?
267
Calculate the remainder when 28748595 is divided by 684490.
15
What is the remainder when 119316524 is divided by 121?
118
What is the remainder when 178626 is divided by 2413?
64
What is the remainder when 274182555 is divided by 169?
166
Calculate the remainder when 12694661 is divided by 12694655.
6
Calculate the remainder when 37492 is divided by 7430.
342
Calculate the remainder when 68768 is divided by 12960.
3968
Calculate the remainder when 245062 is divided by 311.
305
Calculate the remainder when 5284811 is divided by 128895.
116
What is the remainder when 214681723 is divided by 23?
22
What is the remainder when 6333 is divided by 1896?
645
What is the remainder when 408731 is divided by 24041?
34
Calculate the remainder when 38599 is divided by 2145.
2134
Calculate the remainder when 1204452 is divided by 37636.
100
Calculate the remainder when 12396042 is divided by 1342.
1330
Calculate the remainder when 45654 is divided by 1136.
214
What is the remainder when 43892 is divided by 898?
788
Calculate the remainder when 494822 is divided by 82460.
62
Calculate the remainder when 97468 is divided by 8858.
30
Calculate the remainder when 9567181 is divided by 786.
775
Calculate the remainder when 11854716 is divided by 852.
840
Calculate the remainder when 2043455 is divided by 2043454.
1
What is the remainder when 1399732 is divided by 139964?
92
What is the remainder when 4472 is divided by 599?
279
Calculate the remainder when 36134 is divided by 4611.
3857
What is the remainder when 11740260 is divided by 1467508?
196
Calculate the remainder when 23840936 is divided by 65497.
28
What is the remainder when 707628 is divided by 176850?
228
What is the remainder when 9687 is divided by 3115?
342
What is the remainder when 2841629 is divided by 37888?
29
Calculate the remainder when 1673344 is divided by 14302.
10
What is the remainder when 42231447 is divided by 345?
342
Calculate the remainder when 23501097 is divided by 57.
54
What is the remainder when 144251 is divided by 71816?
619
What is the remainder when 5037238 is divided by 296303?
87
Calculate the remainder when 14133280 is divided by 3514.
3486
What is the remainder when 367999 is divided by 4047?
3769
Calculate the remainder when 9437 is divided by 826.
351
What is the remainder when 2365798 is divided by 213?
7
Calculate the remainder when 457577 is divided by 1882.
251
What is the remainder when 15626 is divided by 1903?
402
What is the remainder when 206497 is divided by 51611?
53
What is the remainder when 3222845 is divided by 397?
396
Calculate the remainder when 14103408 is divided by 39.
33
What is the remainder when 80985 is divided by 1568?
1017
Calculate the remainder when 125979 is divided by 2097.
159
What is the remainder when 859180 is divided by 4338?
256
Calculate the remainder when 818091 is divided by 244.
203
What is the remainder when 3759978 is divided by 535?
533
Calculate the remainder when 370869 is divided by 74173.
4
Calculate the remainder when 1858021816 is divided by 277.
273
Calculate the remainder when 2652254 is divided by 5842.
5828
What is the remainder when 114344 is divided by 3699?
3374
What is the remainder when 48890244 is divided by 16296747?
3
Calculate the remainder when 81404 is divided by 3697.
70
Calculate the remainder when 136885139 is divided by 315.
314
What is the remainder when 1078084 is divided by 1812?
1756
What is the remainder when 274336 is divided by 1610?
636
What is the remainder when 18356 is divided by 4389?
800
What is the remainder when 28134 is divided by 13781?
572
Calculate the remainder when 159966 is divided by 993.
93
What is the remainder when 1243616 is divided by 1142?
1120
Calculate the remainder when 1041600 is divided by 1041578.
22
What is the remainder when 69222047 is divided by 6692?
6691
What is the remainder when 39824873 is divided by 2957?
2954
Calculate the remainder when 73757 is divided by 714.
215
Calculate the remainder when 30967 is divided by 232.
111
What is the remainder when 3180614 is divided by 274?
22
What is the remainder when 1756666 is divided by 265?
246
What is the remainder when 10272442 is divided by 11?
4
What is the remainder when 23615186 is divided by 715611?
23
What is the remainder when 31319 is divided by 1024?
599
What is the remainder when 5553150 is divided by 130?
70
Calculate the remainder when 1059344 is divided by 1058571.
773
Calculate the remainder when 424599 is divided by 42101.
3589
What is the remainder when 155473 is divided by 2836?
2329
Calculate the remainder when 63549 is divided by 63534.
15
Calculate the remainder when 54278199 is divided by 892.
891
Calculate the remainder when 22836889 is divided by 539.
537
Calculate the remainder when 4626672 is divided by 75.
72
What is the remainder when 12673897 is divided by 921?
16
Calculate the remainder when 15568103 is divided by 1449.
47
Calculate the remainder when 3906871 is divided by 475.
471
Calculate the remainder when 201116 is divided by 617.